{"id":285,"date":"2020-05-26T20:07:12","date_gmt":"2020-05-26T20:07:12","guid":{"rendered":"http:\/\/www.gapas.org.tr\/?page_id=285"},"modified":"2025-10-24T13:10:10","modified_gmt":"2025-10-24T13:10:10","slug":"baskanin-mesaji","status":"publish","type":"page","link":"https:\/\/www.gapas.org.tr\/index.php\/baskanin-mesaji\/","title":{"rendered":"Ba\u015fkan\u0131n Mesaj\u0131"},"content":{"rendered":"\t\t<div data-elementor-type=\"wp-page\" data-elementor-id=\"285\" class=\"elementor elementor-285\">\n\t\t\t\t\t\t\t\t\t<section class=\"elementor-section elementor-top-section elementor-element elementor-element-40177ae0 elementor-section-boxed elementor-section-height-default elementor-section-height-default\" data-id=\"40177ae0\" data-element_type=\"section\">\n\t\t\t\t\t\t<div class=\"elementor-container elementor-column-gap-no\">\n\t\t\t\t\t<div class=\"elementor-column elementor-col-33 elementor-top-column elementor-element elementor-element-2828f573\" data-id=\"2828f573\" data-element_type=\"column\">\n\t\t\t<div class=\"elementor-widget-wrap elementor-element-populated\">\n\t\t\t\t\t\t\t\t<div class=\"elementor-element elementor-element-984896d elementor-widget elementor-widget-image\" data-id=\"984896d\" data-element_type=\"widget\" data-widget_type=\"image.default\">\n\t\t\t\t<div class=\"elementor-widget-container\">\n\t\t\t\t\t\t\t\t\t\t\t\t\t\t\t<img fetchpriority=\"high\" decoding=\"async\" width=\"257\" height=\"300\" src=\"https:\/\/www.gapas.org.tr\/wp-content\/uploads\/2023\/05\/MKS_SB-e1683897885973-257x300.jpg\" class=\"attachment-medium size-medium wp-image-1426\" alt=\"\" srcset=\"https:\/\/www.gapas.org.tr\/wp-content\/uploads\/2023\/05\/MKS_SB-e1683897885973-257x300.jpg 257w, https:\/\/www.gapas.org.tr\/wp-content\/uploads\/2023\/05\/MKS_SB-e1683897885973.jpg 746w\" sizes=\"(max-width: 257px) 100vw, 257px\" \/>\t\t\t\t\t\t\t\t\t\t\t\t\t\t\t<\/div>\n\t\t\t\t<\/div>\n\t\t\t\t\t<\/div>\n\t\t<\/div>\n\t\t\t\t<div class=\"elementor-column elementor-col-33 elementor-top-column elementor-element elementor-element-7deb73f\" data-id=\"7deb73f\" data-element_type=\"column\">\n\t\t\t<div class=\"elementor-widget-wrap\">\n\t\t\t\t\t\t\t\t\t<\/div>\n\t\t<\/div>\n\t\t\t\t<div class=\"elementor-column elementor-col-33 elementor-top-column elementor-element elementor-element-48096891\" data-id=\"48096891\" data-element_type=\"column\">\n\t\t\t<div class=\"elementor-widget-wrap elementor-element-populated\">\n\t\t\t\t\t\t\t\t<div class=\"elementor-element elementor-element-44ce5982 elementor-widget elementor-widget-text-editor\" data-id=\"44ce5982\" data-element_type=\"widget\" data-widget_type=\"text-editor.default\">\n\t\t\t\t<div class=\"elementor-widget-container\">\n\t\t\t\t\t\t\t<p>BA\u015eKANIN MESAJI<\/p>\t\t\t\t\t\t<\/div>\n\t\t\t\t<\/div>\n\t\t\t\t<div class=\"elementor-element elementor-element-e56ab06 elementor-widget elementor-widget-text-editor\" data-id=\"e56ab06\" data-element_type=\"widget\" data-widget_type=\"text-editor.default\">\n\t\t\t\t<div class=\"elementor-widget-container\">\n\t\t\t\t\t\t\t<p>Gayrimenkul sekt\u00f6r\u00fc, her d\u00f6nemde ekonominin en dinamik alanlar\u0131ndan biri olmu\u015f; bar\u0131nmadan yat\u0131r\u0131ma, \u00fcretimden istihdama kadar geni\u015f bir etki alan\u0131 yaratm\u0131\u015ft\u0131r. Ancak bu sekt\u00f6r\u00fcn kalbi, her zaman pazarlama ve sat\u0131\u015f alan\u0131nda atan insan unsurudur. \u00dcretenle talep eden, sat\u0131c\u0131yla al\u0131c\u0131, yat\u0131r\u0131mc\u0131yla kullan\u0131c\u0131 aras\u0131ndaki dengeyi kuran, g\u00fcveni tesis eden ve de\u011fer \u00fcreten ki\u015filer, bu alanda \u00e7al\u0131\u015fan profesyonellerdir.<\/p><p>GAPAS, tam da bu bilin\u00e7le kurulmu\u015f bir olu\u015fumdur. Bizler, yaln\u0131zca gayrimenkul sat\u0131\u015f\u0131 yapan profesyoneller de\u011fil, bilgiyi, tecr\u00fcbeyi ve g\u00fcveni payda\u015flar\u0131yla bulu\u015fturan bir meslek toplulu\u011fuyuz. Amac\u0131m\u0131z, sekt\u00f6r\u00fcm\u00fczdeki pazarlama ve sat\u0131\u015f s\u00fcre\u00e7lerini daha etkin, daha etik ve daha verimli hale getirmek; meslekta\u015flar\u0131m\u0131z\u0131n ki\u015fisel ve profesyonel geli\u015fimlerine katk\u0131 sa\u011flamakt\u0131r.<\/p><p>Kolektif bir ak\u0131l ve dayan\u0131\u015fma k\u00fclt\u00fcr\u00fc olu\u015fturmak; sekt\u00f6re y\u00f6n veren, s\u00f6z s\u00f6yleyen bir kurum olma vizyonuyla hareket ediyoruz. GAPAS olarak, yaln\u0131zca bug\u00fcn\u00fcn ihtiya\u00e7lar\u0131na de\u011fil, gelece\u011fin beklentilerine de yan\u0131t verecek yap\u0131lar kurmay\u0131 hedefliyoruz.<\/p><p>Bu do\u011frultuda, t\u00fcm gayrimenkul pazarlama ve sat\u0131\u015f profesyonellerini GAPAS \u00e7at\u0131s\u0131 alt\u0131nda bir araya gelmeye, \u00fcretmeye, payla\u015fmaya ve birlikte b\u00fcy\u00fcmeye davet ediyorum.<br \/>Birlikte att\u0131\u011f\u0131m\u0131z her ad\u0131m, hem mesle\u011fimizin itibar\u0131n\u0131 g\u00fc\u00e7lendirecek hem de sekt\u00f6r\u00fcm\u00fcze kal\u0131c\u0131 bir de\u011fer katacakt\u0131r.<\/p><p>GAPAS, bilgiyle, etikle ve vizyonla fark yaratmak i\u00e7in yola \u00e7\u0131kt\u0131.<br \/>Haz\u0131rl\u0131kl\u0131 olun; \u00e7\u00fcnk\u00fc bu kez yaln\u0131zca s\u00f6ylem de\u011fil, eylem zaman\u0131.<\/p><p><strong>Mustafa Kemal \u015eAH\u0130N<\/strong><br \/><strong>GAPAS Ba\u015fkan\u0131<\/strong><\/p>\t\t\t\t\t\t<\/div>\n\t\t\t\t<\/div>\n\t\t\t\t\t<\/div>\n\t\t<\/div>\n\t\t\t\t\t\t\t<\/div>\n\t\t<\/section>\n\t\t\t\t\t\t\t<\/div>\n\t\t","protected":false},"excerpt":{"rendered":"<p>BA\u015eKANIN MESAJI Gayrimenkul sekt\u00f6r\u00fc, her d\u00f6nemde ekonominin en dinamik alanlar\u0131ndan biri olmu\u015f; bar\u0131nmadan yat\u0131r\u0131ma, \u00fcretimden istihdama kadar geni\u015f bir etki alan\u0131 yaratm\u0131\u015ft\u0131r. Ancak bu sekt\u00f6r\u00fcn kalbi, her zaman pazarlama ve sat\u0131\u015f alan\u0131nda atan insan unsurudur. \u00dcretenle talep eden, sat\u0131c\u0131yla al\u0131c\u0131, yat\u0131r\u0131mc\u0131yla kullan\u0131c\u0131 aras\u0131ndaki dengeyi kuran, g\u00fcveni tesis eden ve de\u011fer \u00fcreten ki\u015filer, bu alanda \u00e7al\u0131\u015fan [&hellip;]<\/p>\n","protected":false},"author":1,"featured_media":0,"parent":0,"menu_order":0,"comment_status":"closed","ping_status":"closed","template":"elementor_header_footer","meta":{"footnotes":""},"class_list":["post-285","page","type-page","status-publish","hentry"],"_links":{"self":[{"href":"https:\/\/www.gapas.org.tr\/index.php\/wp-json\/wp\/v2\/pages\/285","targetHints":{"allow":["GET"]}}],"collection":[{"href":"https:\/\/www.gapas.org.tr\/index.php\/wp-json\/wp\/v2\/pages"}],"about":[{"href":"https:\/\/www.gapas.org.tr\/index.php\/wp-json\/wp\/v2\/types\/page"}],"author":[{"embeddable":true,"href":"https:\/\/www.gapas.org.tr\/index.php\/wp-json\/wp\/v2\/users\/1"}],"replies":[{"embeddable":true,"href":"https:\/\/www.gapas.org.tr\/index.php\/wp-json\/wp\/v2\/comments?post=285"}],"version-history":[{"count":22,"href":"https:\/\/www.gapas.org.tr\/index.php\/wp-json\/wp\/v2\/pages\/285\/revisions"}],"predecessor-version":[{"id":3046,"href":"https:\/\/www.gapas.org.tr\/index.php\/wp-json\/wp\/v2\/pages\/285\/revisions\/3046"}],"wp:attachment":[{"href":"https:\/\/www.gapas.org.tr\/index.php\/wp-json\/wp\/v2\/media?parent=285"}],"curies":[{"name":"wp","href":"https:\/\/api.w.org\/{rel}","templated":true}]}}